 2, what is 10100 + 111?
11011
In base 16, what is 4 - -51?
55
In base 6, what is 3 + -132?
-125
In base 11, what is 9 - -20a?
218
In base 2, what is -11000 - 1010100?
-1101100
In base 6, what is 12 + 52?
104
In base 14, what is -5 + -156?
-15b
In base 8, what is 4 - 420?
-414
In base 5, what is -4440 + 1?
-4434
In base 4, what is -213 + -20?
-233
In base 14, what is -15 - 7?
-1c
In base 11, what is 1 + -14a4?
-14a3
In base 3, what is -2001 + 1111?
-120
In base 14, what is 215 - -1?
216
In base 3, what is 12 + 2200?
2212
In base 5, what is 220 - -32?
302
In base 7, what is -5 - 504?
-512
In base 15, what is -5 + 256?
251
In base 15, what is ea - 0?
ea
In base 9, what is -3 - -68?
65
In base 15, what is -178 + 1?
-177
In base 15, what is -17 + 8?
-e
In base 16, what is -3f + 14?
-2b
In base 6, what is -4424 + 5?
-4415
In base 2, what is -111001 + -1?
-111010
In base 2, what is 111 - 100?
11
In base 14, what is -10d - 30?
-13d
In base 10, what is -7 - -54?
47
In base 6, what is 2 + -12015?
-12013
In base 10, what is 10 - 0?
10
In base 12, what is 2 + b0?
b2
In base 5, what is 1301 + -1?
1300
In base 8, what is 5 - -11606?
11613
In base 10, what is 1288 + 4?
1292
In base 6, what is 20 + 103?
123
In base 5, what is -1041 + 24?
-1012
In base 4, what is -3 + 1121?
1112
In base 13, what is -a + 53?
46
In base 13, what is -2 - b0c?
-b11
In base 15, what is -3 + -331?
-334
In base 6, what is -55 - 145?
-244
In base 14, what is 3 - 4c?
-49
In base 7, what is 2 - -1565?
1600
In base 3, what is 11 + 111220?
112001
In base 11, what is -3 + -1250?
-1253
In base 9, what is -22 - 12?
-34
In base 6, what is 4 + -2541?
-2533
In base 11, what is 37 + 10?
47
In base 13, what is 297 - -6?
2a0
In base 4, what is 1 - 32323?
-32322
In base 12, what is 18 + -51?
-35
In base 4, what is -20 + -202000?
-202020
In base 5, what is 131 + 223?
404
In base 9, what is 1556 + 3?
1560
In base 3, what is 10 - 22111?
-22101
In base 8, what is -1 + 10166?
10165
In base 2, what is 1000001000 - 1?
1000000111
In base 11, what is 15779 - 4?
15775
In base 16, what is 39 - -1?
3a
In base 15, what is -13386 - -3?
-13383
In base 14, what is -1 + -2b0?
-2b1
In base 7, what is 5533 - 3?
5530
In base 10, what is 592 - -3?
595
In base 13, what is 1b0 - 1?
1ac
In base 5, what is -110122 - -2?
-110120
In base 3, what is 21 + -212022?
-212001
In base 9, what is 0 - 837?
-837
In base 8, what is 707 + -3?
704
In base 9, what is -72 + 21?
-51
In base 13, what is -18c - 56?
-215
In base 9, what is -83 + -3?
-86
In base 15, what is -4 + -80?
-84
In base 10, what is 40 - 567?
-527
In base 14, what is 269 - 6?
263
In base 11, what is 650 - 4?
647
In base 6, what is 4 + -1042?
-1034
In base 9, what is -202 - 0?
-202
In base 13, what is 14 + 4?
18
In base 2, what is 100010 + 1011?
101101
In base 7, what is 12 - 61?
-46
In base 16, what is -4e - -3b?
-13
In base 2, what is -10 - 1110100?
-1110110
In base 7, what is 26062 + -4?
26055
In base 2, what is 11011 + -1001?
10010
In base 12, what is 51 - -6?
57
In base 11, what is 287 + 3?
28a
In base 4, what is 132 - 1112?
-320
In base 12, what is -198 + 5?
-193
In base 16, what is -1 - -e3e?
e3d
In base 13, what is -1 + -467?
-468
In base 10, what is 204 + -3?
201
In base 5, what is -4 - -300?
241
In base 6, what is -132424 + 2?
-132422
In base 5, what is 22 + 24?
101
In base 16, what is -342 - -4?
-33e
In base 5, what is -203 + -2?
-210
In base 5, what is 40 + -1022?
-432
In base 6, what is -35 - -1140?
1101
In base 9, what is -3 - -263?
260
In base 15, what is 10c4 + 2?
10c6
In base 7, what is -30204 - -2?
-30202
In base 13, what is -1 - 109?
-10a
In base 5, what is 211421 + -2?
211414
In base 11, what is 3 + 2a?
32
In base 2, what is 10101000 - 100?
10100100
In base 4, what is -3 + -10002?
-10011
In base 14, what is 24 + -a?
18
In base 2, what is -101001100 + 1?
-101001011
In base 15, what is -4 - 5cb?
-5d0
In base 11, what is -4 - -4?
0
In base 10, what is -58 + 6?
-52
In base 14, what is -35 + -6?
-3b
In base 3, what is 100 - -1000121?
1000221
In base 2, what is 101 - 110001100?
-110000111
In base 16, what is 21c8 - 4?
21c4
In base 16, what is -2 + 159?
157
In base 3, what is -2202110 + 11?
-2202022
In base 12, what is -3 + -a48?
-a4b
In base 5, what is -304 + 314?
10
In base 3, what is -120100 + 122?
-112201
In base 14, what is 3 + -bc?
-b9
In base 16, what is 2 - 263?
-261
In base 11, what is 2 - -4a?
51
In base 13, what is -314 - -a?
-307
In base 4, what is -10 + 1013?
1003
In base 2, what is 1000 + -10001101011?
-10001100011
In base 13, what is -4132 - 4?
-4136
In base 15, what is -4 - -a?
6
In base 10, what is 7 - -4?
11
In base 11, what is -15 + 17?
2
In base 16, what is -224 - -5?
-21f
In base 2, what is 1011100 - 0?
1011100
In base 12, what is -5 - -48?
43
In base 8, what is 162 - 3?
157
In base 11, what is -5 + 267?
262
In base 8, what is 10652 + 3?
10655
In base 14, what is -5 + 34a?
345
In base 5, what is 10142 - 4?
10133
In base 5, what is 2200 + -10?
2140
In base 8, what is -5 + -51?
-56
In base 3, what is 11101101 + 1?
11101102
In base 8, what is 1 - -1563?
1564
In base 13, what is 2 + -18?
-16
In base 10, what is 2829 - 0?
2829
In base 12, what is 5 + 5b4?
5b9
In base 4, what is -221330 + -3?
-221333
In base 14, what is -62 + -32?
-94
In base 12, what is -27 + 4b9?
492
In base 6, what is -1533 - 3?
-1540
In base 10, what is 35 - 38?
-3
In base 15, what is -4 - -4?
0
In base 10, what is -169 + 3?
-166
In base 8, what is 6 + -3?
3
In base 11, what is -6296 + 2?
-6294
In base 7, what is -5 - -346?
341
In base 12, what is -108 - 5?
-111
In base 8, what is 1422 - 4?
1416
In base 4, what is 0 + -233?
-233
In base 8, what is -231 + -45?
-276
In base 14, what is -2 - 257?
-259
In base 15, what is -45d + -3?
-461
In base 5, what is -3122 - 4?
-3131
In base 7, what is 0 + -5?
-5
In base 4, what is -2221 + -20?
-2301
In base 2, what is 100 - -1011111?
1100011
In base 8, what is 62 - 0?
62
In base 4, what is 11 + 32?
103
In base 13, what is 3259 + -2?
3257
In base 3, what is -10 - -1111?
1101
In base 10, what is 1 + 85?
86
In base 15, what is 1b + -5?
16
In base 14, what is b - 4?
7
In base 12, what is 6 + ba?
104
In base 11, what is 5 + -249?
-244
In base 2, what is -10010111101 - -10?
-10010111011
In base 13, what is a3 - 2?
a1
In base 11, what is 324 - 1?
323
In base 7, what is -3 - -2102?
2066
In base 16, what is 4c - 59?
-d
In base 5, what is 32 + -4?
23
In base 14, what is 150 + 4?
154
In base 16, what is 2 + -327?
-325
In base 13, what is 5 - 32?
-2a
In base 10, what is -3 + 196?
193
In base 13, what is 35 - 8?
2a
In base 12, what is 172 - -2?
174
In base 8, what is 35 + -56?
-21
In base 8, what is 1155 - 34?
1121
In base 14, what is 28 + 3?
2b
In base 11, what is -1 - 67?
-68
In base 16, what is -13 + -15?
-28
In base 10, what is 9945 - -5?
9950
In base 15, what is 1120 + -1?
111e
In base 5, what is -11 - -210?
144
In base 4, what is -130310 - -21?
-130223
In base 13, what is 59 - -cb?
157
In base 16, what is 0 + -10?
-10
In base 7, what is 166 - -153?
352
In base 7, what is -1 + 211?
210
In base 7, what is 2 - -1260?
1262
In base 15, what is 3 + 15e?
162
In base 13, what is 3 + 375?
378
In base 16, what is 19 + -5?
14
In base 10, what is -8973 + -2?
-8975
In base 3, what is 221000 + -10?
220220
In base 2, what is 10000 - -101101100?
101111100
In base 6, what is 134 - 11?
123
In base 7, what is -1350 - 32?
-1412
In base 16, what is a6 - 11?
95
In base 11, what is -5 - -10?
6
In base 13, what is 9 + a6?
b2
In base 9, what is -4166 + -2?
-4168
In base 10, what is 1 + -7?
-6
In base 5, what is -4 + -234?
-243
In base 9, what is -23 + 26?
3
In base 9, what is 11682 + 0?
11682
In base 13, what is -14 - 21?
-35
In base 16, what is 0 + -1df?
-1df
In base 7, what is 42 + 11?
53
In base 13, what is -2b - -59?
2b
In base 16, what is -10ed + 2?
-10eb
In base 15, what is -2 - -28?
26
In base 6, what is 0 - -330?
330
In base 3, what is 2 + -201021?
-201012
In base 3, what is 121111 - 21?
121020
In base 16, what is -2 - 7e4?
-7e6
In base 16, what is 2 - 3f4?
-3f2
In base 2, what is -100 - -11010011111?
11010011011
In base 16, what is 14 + 6?
1a
In base 6, what is 4 - -113?
121
In base 6, what is 1 + -21350?
-21345
In base 6, what is -1 - -3245?
3244
In ba